is the highest common factor of 72 and 4050?
18
What is the highest common factor of 9 and 45?
9
What is the greatest common factor of 943 and 41?
41
What is the highest common divisor of 14 and 16?
2
What is the highest common divisor of 2645 and 69?
23
Calculate the greatest common divisor of 6 and 8097.
3
Calculate the greatest common factor of 473 and 627.
11
What is the highest common factor of 6 and 66?
6
What is the greatest common factor of 6889 and 249?
83
What is the greatest common factor of 2032 and 80?
16
Calculate the highest common factor of 139 and 23491.
139
Calculate the greatest common factor of 145 and 319.
29
Calculate the greatest common factor of 306 and 18.
18
Calculate the greatest common factor of 210 and 450.
30
Calculate the highest common factor of 155 and 9455.
155
Calculate the greatest common divisor of 5886 and 90.
18
Calculate the highest common divisor of 23 and 46.
23
Calculate the greatest common divisor of 28 and 308.
28
What is the greatest common divisor of 12 and 24?
12
What is the greatest common factor of 43 and 688?
43
Calculate the greatest common factor of 5358 and 72.
6
Calculate the highest common divisor of 1008 and 27552.
336
Calculate the greatest common divisor of 46 and 2944.
46
What is the highest common factor of 1075 and 2365?
215
What is the highest common divisor of 240 and 1840?
80
What is the highest common factor of 28 and 3073?
7
What is the greatest common factor of 3493 and 16467?
499
What is the greatest common factor of 105 and 6594?
21
Calculate the highest common divisor of 7 and 217.
7
Calculate the highest common factor of 416 and 13.
13
What is the greatest common divisor of 112 and 3976?
56
What is the highest common divisor of 180 and 12060?
180
What is the greatest common divisor of 2520 and 45?
45
Calculate the greatest common divisor of 153 and 45.
9
Calculate the highest common factor of 23 and 805.
23
Calculate the greatest common factor of 825 and 2112.
33
What is the greatest common divisor of 2438 and 2484?
46
What is the highest common factor of 4536 and 108?
108
What is the highest common factor of 5 and 965?
5
Calculate the highest common factor of 1339 and 39.
13
What is the greatest common divisor of 730 and 10?
10
What is the greatest common factor of 308 and 88?
44
Calculate the greatest common factor of 76 and 4826.
38
Calculate the highest common divisor of 1302 and 126.
42
What is the greatest common factor of 536 and 2278?
134
What is the highest common factor of 189 and 7?
7
What is the greatest common factor of 175 and 245?
35
Calculate the greatest common divisor of 192 and 132.
12
What is the highest common factor of 2 and 6?
2
Calculate the greatest common divisor of 100 and 4.
4
Calculate the highest common divisor of 24189 and 33.
33
What is the greatest common factor of 99 and 9?
9
Calculate the highest common divisor of 245 and 10.
5
What is the greatest common factor of 3030 and 5?
5
Calculate the highest common factor of 388 and 172.
4
Calculate the highest common divisor of 1360 and 60.
20
What is the greatest common divisor of 150 and 12210?
30
Calculate the highest common divisor of 161 and 7.
7
What is the greatest common divisor of 27 and 83133?
27
What is the greatest common factor of 445 and 15?
5
What is the highest common divisor of 41 and 1025?
41
What is the greatest common divisor of 58 and 1247?
29
Calculate the highest common factor of 270 and 351.
27
What is the highest common divisor of 170 and 68?
34
Calculate the greatest common factor of 1144 and 182.
26
What is the highest common factor of 2376 and 759?
33
What is the greatest common factor of 2 and 2722?
2
Calculate the greatest common divisor of 9376 and 64.
32
Calculate the greatest common factor of 221 and 119.
17
Calculate the highest common divisor of 715 and 990.
55
What is the greatest common factor of 18 and 414?
18
Calculate the greatest common factor of 1349 and 213.
71
What is the highest common divisor of 22 and 979?
11
Calculate the highest common divisor of 36999 and 18.
9
Calculate the highest common divisor of 177 and 7080.
177
Calculate the highest common factor of 12 and 444.
12
Calculate the greatest common divisor of 32 and 148.
4
What is the greatest common factor of 52 and 91?
13
Calculate the highest common factor of 1088 and 136.
136
What is the highest common factor of 45 and 1125?
45
Calculate the greatest common divisor of 5 and 325.
5
Calculate the highest common divisor of 576 and 168.
24
What is the greatest common factor of 504 and 180?
36
What is the highest common factor of 8924 and 414?
46
Calculate the highest common divisor of 142 and 28258.
142
What is the highest common factor of 148 and 2146?
74
Calculate the highest common divisor of 88 and 16.
8
Calculate the greatest common divisor of 1210 and 40.
10
What is the greatest common divisor of 363 and 264?
33
Calculate the greatest common factor of 910 and 130.
130
What is the greatest common factor of 5 and 19655?
5
What is the highest common factor of 70 and 105?
35
Calculate the highest common factor of 848 and 583.
53
What is the greatest common factor of 4609 and 143?
11
What is the highest common divisor of 13 and 12389?
13
What is the highest common factor of 276 and 2346?
138
Calculate the highest common divisor of 69 and 253.
23
Calculate the greatest common divisor of 1530 and 900.
90
Calculate the highest common factor of 30823 and 13.
13
What is the greatest common divisor of 63 and 42?
21
What is the highest common factor of 2256 and 36?
12
Calculate the greatest common divisor of 6 and 4380.
6
Calculate the highest common divisor of 1288 and 1656.
184
What is the highest common divisor of 602 and 129?
43
What is the highest common divisor of 172 and 32?
4
What is the greatest common factor of 330 and 22?
22
Calculate the highest common divisor of 8448 and 132.
132
What is the highest common divisor of 45 and 5055?
15
What is the greatest common factor of 12 and 52?
4
What is the highest common divisor of 574 and 21?
7
What is the highest common divisor of 6908 and 44?
44
Calculate the highest common divisor of 364 and 1976.
52
What is the greatest common factor of 333 and 75591?
333
What is the greatest common divisor of 2480 and 3920?
80
Calculate the greatest common factor of 512 and 16.
16
Calculate the greatest common divisor of 3 and 160.
1
Calculate the highest common divisor of 36 and 3384.
36
What is the highest common divisor of 8028 and 63?
9
Calculate the greatest common divisor of 17550 and 117.
117
Calculate the greatest common divisor of 98 and 490.
98
What is the highest common divisor of 46 and 14306?
46
What is the greatest common divisor of 37 and 3071?
37
What is the greatest common factor of 11344 and 64?
16
What is the highest common factor of 54 and 49518?
54
Calculate the greatest common divisor of 104 and 65.
13
What is the highest common factor of 3458 and 286?
26
Calculate the highest common divisor of 10412 and 152.
76
Calculate the highest common divisor of 228 and 1938.
114
Calculate the highest common divisor of 17873 and 305.
61
Calculate the greatest common factor of 783 and 58.
29
What is the highest common divisor of 1343 and 544?
17
Calculate the greatest common divisor of 480 and 360.
120
Calculate the highest common divisor of 4 and 4.
4
What is the greatest common factor of 1846 and 130?
26
Calculate the greatest common factor of 4 and 52.
4
What is the highest common divisor of 8180 and 20?
20
What is the greatest common factor of 110 and 374?
22
Calculate the highest common factor of 92 and 115.
23
Calculate the highest common factor of 952 and 112.
56
What is the highest common divisor of 39 and 69?
3
Calculate the greatest common factor of 64 and 288.
32
What is the greatest common divisor of 1025 and 82?
41
What is the highest common divisor of 15 and 51?
3
Calculate the greatest common factor of 20 and 540.
20
What is the highest common divisor of 2061 and 288?
9
What is the highest common factor of 35 and 1029?
7
What is the greatest common factor of 13 and 247?
13
What is the highest common divisor of 540 and 11460?
60
Calculate the greatest common divisor of 286 and 88.
22
Calculate the highest common factor of 63 and 14